{"id":81,"date":"2022-02-27T01:07:58","date_gmt":"2022-02-27T01:07:58","guid":{"rendered":"https:\/\/accueildesfamillessanmarco.fr\/?page_id=81"},"modified":"2024-01-30T08:54:53","modified_gmt":"2024-01-30T08:54:53","slug":"les-parloirs-maison-darret-de-corbas-etablissement-pour-mineurs-de-meyzieu","status":"publish","type":"page","link":"https:\/\/accueildesfamillessanmarco.fr\/?page_id=81","title":{"rendered":"Les parloirs"},"content":{"rendered":"\t\t<div data-elementor-type=\"wp-page\" data-elementor-id=\"81\" class=\"elementor elementor-81\">\n\t\t\t\t\t\t\t\t\t<section class=\"elementor-section elementor-top-section elementor-element elementor-element-88cbf3c elementor-section-boxed elementor-section-height-default elementor-section-height-default\" data-id=\"88cbf3c\" data-element_type=\"section\">\n\t\t\t\t\t\t<div class=\"elementor-container elementor-column-gap-default\">\n\t\t\t\t\t<div class=\"elementor-column elementor-col-100 elementor-top-column elementor-element elementor-element-9432d8e\" data-id=\"9432d8e\" data-element_type=\"column\">\n\t\t\t<div class=\"elementor-widget-wrap elementor-element-populated\">\n\t\t\t\t\t\t\t\t<div class=\"elementor-element elementor-element-3fcb67d elementor-widget elementor-widget-heading\" data-id=\"3fcb67d\" data-element_type=\"widget\" data-widget_type=\"heading.default\">\n\t\t\t\t<div class=\"elementor-widget-container\">\n\t\t\t<style>\/*! elementor - v3.18.0 - 20-12-2023 *\/\n.elementor-heading-title{padding:0;margin:0;line-height:1}.elementor-widget-heading .elementor-heading-title[class*=elementor-size-]>a{color:inherit;font-size:inherit;line-height:inherit}.elementor-widget-heading .elementor-heading-title.elementor-size-small{font-size:15px}.elementor-widget-heading .elementor-heading-title.elementor-size-medium{font-size:19px}.elementor-widget-heading .elementor-heading-title.elementor-size-large{font-size:29px}.elementor-widget-heading .elementor-heading-title.elementor-size-xl{font-size:39px}.elementor-widget-heading .elementor-heading-title.elementor-size-xxl{font-size:59px}<\/style><h2 class=\"elementor-heading-title elementor-size-default\">Les parloirs<\/h2>\t\t<\/div>\n\t\t\t\t<\/div>\n\t\t\t\t<div class=\"elementor-element elementor-element-e4a6137 elementor-widget elementor-widget-text-editor\" data-id=\"e4a6137\" data-element_type=\"widget\" data-widget_type=\"text-editor.default\">\n\t\t\t\t<div class=\"elementor-widget-container\">\n\t\t\t<style>\/*! elementor - v3.18.0 - 20-12-2023 *\/\n.elementor-widget-text-editor.elementor-drop-cap-view-stacked .elementor-drop-cap{background-color:#69727d;color:#fff}.elementor-widget-text-editor.elementor-drop-cap-view-framed .elementor-drop-cap{color:#69727d;border:3px solid;background-color:transparent}.elementor-widget-text-editor:not(.elementor-drop-cap-view-default) .elementor-drop-cap{margin-top:8px}.elementor-widget-text-editor:not(.elementor-drop-cap-view-default) .elementor-drop-cap-letter{width:1em;height:1em}.elementor-widget-text-editor .elementor-drop-cap{float:left;text-align:center;line-height:1;font-size:50px}.elementor-widget-text-editor .elementor-drop-cap-letter{display:inline-block}<\/style>\t\t\t\t<p>Vous serez inform\u00e9 par un courrier de l\u2019Administration P\u00e9nitentiaire, de l\u2019obtention de votre permis de visite.<\/p>\t\t\t\t\t\t<\/div>\n\t\t\t\t<\/div>\n\t\t\t\t\t<\/div>\n\t\t<\/div>\n\t\t\t\t\t\t\t<\/div>\n\t\t<\/section>\n\t\t\t\t<section class=\"elementor-section elementor-top-section elementor-element elementor-element-65f331c elementor-section-boxed elementor-section-height-default elementor-section-height-default\" data-id=\"65f331c\" data-element_type=\"section\">\n\t\t\t\t\t\t<div class=\"elementor-container elementor-column-gap-default\">\n\t\t\t\t\t<div class=\"elementor-column elementor-col-50 elementor-top-column elementor-element elementor-element-ae0cbe5 elementor-invisible\" data-id=\"ae0cbe5\" data-element_type=\"column\" data-settings=\"{&quot;animation&quot;:&quot;fadeInLeft&quot;}\">\n\t\t\t<div class=\"elementor-widget-wrap elementor-element-populated\">\n\t\t\t\t\t\t\t\t<div class=\"elementor-element elementor-element-76f25d1 elementor-widget elementor-widget-text-editor\" data-id=\"76f25d1\" data-element_type=\"widget\" data-widget_type=\"text-editor.default\">\n\t\t\t\t<div class=\"elementor-widget-container\">\n\t\t\t\t\t\t\t<h2>Maison d\u2019arr\u00eat de Corbas<\/h2>\t\t\t\t\t\t<\/div>\n\t\t\t\t<\/div>\n\t\t\t\t<div class=\"elementor-element elementor-element-41e4592 elementor-widget elementor-widget-text-editor\" data-id=\"41e4592\" data-element_type=\"widget\" data-widget_type=\"text-editor.default\">\n\t\t\t\t<div class=\"elementor-widget-container\">\n\t\t\t\t\t\t\t<p>Une fois votre permis accept\u00e9 :<\/p>\n<p>La 1\u00e8re r\u00e9servation se fera par t\u00e9l\u00e9phone au&nbsp;<span style=\"font-family: var( --e-global-typography-text-font-family ), Sans-serif;\"><span style=\"font-weight: var( --e-global-typography-text-font-weight ); background-color: #ffffff; font-size: 1rem;\"><a href=\"http:\/\/tel:0800 050 800\">0800 050 800<\/a><\/span><\/span><\/p>\n<p>lundi, mardi et jeudi de 9h00 \u00e0 13h00 et mercredi de 9h \u00e0 12h et de 13h \u00e0 17h.<\/p>\t\t\t\t\t\t<\/div>\n\t\t\t\t<\/div>\n\t\t\t\t<div class=\"elementor-element elementor-element-4c6a074 elementor-widget elementor-widget-text-editor\" data-id=\"4c6a074\" data-element_type=\"widget\" data-widget_type=\"text-editor.default\">\n\t\t\t\t<div class=\"elementor-widget-container\">\n\t\t\t\t\t\t\t<p>R\u00e9servation de parloir en ligne :<\/p><p>Pour les r\u00e9servations suivantes vous pourrez les effectuer directement en ligne<\/p>\t\t\t\t\t\t<\/div>\n\t\t\t\t<\/div>\n\t\t\t\t<div class=\"elementor-element elementor-element-f869204 elementor-align-center elementor-widget elementor-widget-button\" data-id=\"f869204\" data-element_type=\"widget\" data-widget_type=\"button.default\">\n\t\t\t\t<div class=\"elementor-widget-container\">\n\t\t\t\t\t<div class=\"elementor-button-wrapper\">\n\t\t\t<a class=\"elementor-button elementor-button-link elementor-size-sm\" href=\"https:\/\/app.franceconnect.gouv.fr\/api\/v1\/authorize?scope=openid+family_name+given_name+birthdate+gender+email+preferred_username&#038;response_type=code&#038;redirect_uri=https%3A%2F%2Fwww.penitentiaire.justice.fr%2Fauthentification\/callback?retour=parloir\/futurs&#038;state=LCAIoe5fszaB05SVsoFBtHPKXuZjig7K3EjENczboMG2lK93Zx&#038;nonce=Uf5v4PYX3NyPS5IneTvlPRfcY9nU8nAz3VHr1L564bmdVqqzV6&#038;client_id=15f3247344b09e1297802150e068f626a46031c57609baa0fef97d96f7150663&#038;acr_values=eidas1#\" target=\"_blank\" rel=\"noopener\">\n\t\t\t\t\t\t<span class=\"elementor-button-content-wrapper\">\n\t\t\t\t\t\t<span class=\"elementor-button-text\">R\u00e9servation en ligne<\/span>\n\t\t<\/span>\n\t\t\t\t\t<\/a>\n\t\t<\/div>\n\t\t\t\t<\/div>\n\t\t\t\t<\/div>\n\t\t\t\t<div class=\"elementor-element elementor-element-89b1478 elementor-widget elementor-widget-text-editor\" data-id=\"89b1478\" data-element_type=\"widget\" data-widget_type=\"text-editor.default\">\n\t\t\t\t<div class=\"elementor-widget-container\">\n\t\t\t\t\t\t\t<p>Pour l\u2019entr\u00e9e au parloir :<\/p>\n<p><\/p>\n<p>&#8211; Pr\u00e9sentez vous 45 minutes avant l\u2019heure du parloir \u00e0 la maison d\u2019accueil des familles<\/p>\n<p><\/p>\n<p>&#8211; Munissez-vous d\u2019une pi\u00e8ce d\u2019identit\u00e9 en cours de validit\u00e9<\/p>\n<p><\/p>\n<p>&#8211; Pour passer le portique de d\u00e9tection, ne pas avoir sur soi d\u2019objets m\u00e9talliques (t\u00e9l\u00e9phone, montre, pi\u00e8ce de monnaie, ceinture\u2026)<\/p>\n<p>Toute personne d\u00e9clenchant le portique se verra refuser l\u2019acc\u00e8s \u00e0 l\u2019\u00e9tablissement<\/p>\n<p><\/p>\n<p>&#8211; Munissez-vous \u00e9galement d\u2019un certificat m\u00e9dical en cas de proth\u00e8se<\/p>\t\t\t\t\t\t<\/div>\n\t\t\t\t<\/div>\n\t\t\t\t\t<\/div>\n\t\t<\/div>\n\t\t\t\t<div class=\"elementor-column elementor-col-50 elementor-top-column elementor-element elementor-element-5f61372 elementor-invisible\" data-id=\"5f61372\" data-element_type=\"column\" data-settings=\"{&quot;animation&quot;:&quot;fadeInRight&quot;}\">\n\t\t\t<div class=\"elementor-widget-wrap elementor-element-populated\">\n\t\t\t\t\t\t\t\t<div class=\"elementor-element elementor-element-5c736f3 elementor-widget elementor-widget-text-editor\" data-id=\"5c736f3\" data-element_type=\"widget\" data-widget_type=\"text-editor.default\">\n\t\t\t\t<div class=\"elementor-widget-container\">\n\t\t\t\t\t\t\t<h2>EPM<\/h2>\t\t\t\t\t\t<\/div>\n\t\t\t\t<\/div>\n\t\t\t\t<div class=\"elementor-element elementor-element-8b554fd elementor-widget elementor-widget-text-editor\" data-id=\"8b554fd\" data-element_type=\"widget\" data-widget_type=\"text-editor.default\">\n\t\t\t\t<div class=\"elementor-widget-container\">\n\t\t\t\t\t\t\t<p>Une fois votre permis accept\u00e9 :<\/p>\n<p>La premi\u00e8re r\u00e9servation peut se faire par t\u00e9l\u00e9phone&nbsp;<\/p>\n<p>au&nbsp;<a href=\"http:\/\/tel:04 26 72 92 88\">04 26 72 92 88<\/a>&nbsp;(bureau de la gestion de la d\u00e9tention).<\/p>\n<p>Le lundi au vendredi de 9h \u00e0 12h et de 14h \u00e0 17h&nbsp;<\/p>\t\t\t\t\t\t<\/div>\n\t\t\t\t<\/div>\n\t\t\t\t<div class=\"elementor-element elementor-element-949e1e1 elementor-widget elementor-widget-text-editor\" data-id=\"949e1e1\" data-element_type=\"widget\" data-widget_type=\"text-editor.default\">\n\t\t\t\t<div class=\"elementor-widget-container\">\n\t\t\t\t\t\t\t<p>R\u00e9servation de parloir en ligne :<\/p><p>Pour les r\u00e9servations suivantes vous pourrez les effectuer directement en ligne<\/p>\t\t\t\t\t\t<\/div>\n\t\t\t\t<\/div>\n\t\t\t\t<div class=\"elementor-element elementor-element-221732c elementor-align-center elementor-widget elementor-widget-button\" data-id=\"221732c\" data-element_type=\"widget\" data-widget_type=\"button.default\">\n\t\t\t\t<div class=\"elementor-widget-container\">\n\t\t\t\t\t<div class=\"elementor-button-wrapper\">\n\t\t\t<a class=\"elementor-button elementor-button-link elementor-size-sm\" href=\"https:\/\/app.franceconnect.gouv.fr\/api\/v1\/authorize?scope=openid+family_name+given_name+birthdate+gender+email+preferred_username&#038;response_type=code&#038;redirect_uri=https%3A%2F%2Fwww.penitentiaire.justice.fr%2Fauthentification\/callback?retour=parloir\/futurs&#038;state=LCAIoe5fszaB05SVsoFBtHPKXuZjig7K3EjENczboMG2lK93Zx&#038;nonce=Uf5v4PYX3NyPS5IneTvlPRfcY9nU8nAz3VHr1L564bmdVqqzV6&#038;client_id=15f3247344b09e1297802150e068f626a46031c57609baa0fef97d96f7150663&#038;acr_values=eidas1\" target=\"_blank\" rel=\"noopener\">\n\t\t\t\t\t\t<span class=\"elementor-button-content-wrapper\">\n\t\t\t\t\t\t<span class=\"elementor-button-text\">R\u00e9servation en ligne<\/span>\n\t\t<\/span>\n\t\t\t\t\t<\/a>\n\t\t<\/div>\n\t\t\t\t<\/div>\n\t\t\t\t<\/div>\n\t\t\t\t<div class=\"elementor-element elementor-element-ab2ed8b elementor-widget elementor-widget-text-editor\" data-id=\"ab2ed8b\" data-element_type=\"widget\" data-widget_type=\"text-editor.default\">\n\t\t\t\t<div class=\"elementor-widget-container\">\n\t\t\t\t\t\t\t<p>Pour l\u2019entr\u00e9e au parloir :<\/p><p>\u00a0<\/p><p>&#8211; Pr\u00e9sentez vous 15 minutes avant l\u2019heure du parloir \u00e0 la maison d\u2019accueil des familles pour d\u00e9poser vos objects personnels dans un casier.<\/p><p>\u00a0<\/p><p>&#8211; Munissez-vous d\u2019une pi\u00e8ce d\u2019identit\u00e9 en cours de validit\u00e9<\/p><div>\u00a0<\/div>\t\t\t\t\t\t<\/div>\n\t\t\t\t<\/div>\n\t\t\t\t\t<\/div>\n\t\t<\/div>\n\t\t\t\t\t\t\t<\/div>\n\t\t<\/section>\n\t\t\t\t\t\t\t<\/div>\n\t\t","protected":false},"excerpt":{"rendered":"<p>Les parloirs Vous serez inform\u00e9 par un courrier de l\u2019Administration P\u00e9nitentiaire, de l\u2019obtention de votre permis de visite. Maison d\u2019arr\u00eat de Corbas Une fois votre permis accept\u00e9 : La 1\u00e8re r\u00e9servation se fera par t\u00e9l\u00e9phone au&nbsp;0800 050 800 lundi, mardi et jeudi de 9h00 \u00e0 13h00 et mercredi de 9h \u00e0 12h et de 13h [&hellip;]<\/p>\n","protected":false},"author":1,"featured_media":0,"parent":0,"menu_order":0,"comment_status":"closed","ping_status":"closed","template":"","meta":{"om_disable_all_campaigns":false,"_monsterinsights_skip_tracking":false,"_monsterinsights_sitenote_active":false,"_monsterinsights_sitenote_note":"","_monsterinsights_sitenote_category":0,"footnotes":""},"class_list":["post-81","page","type-page","status-publish","hentry"],"_links":{"self":[{"href":"https:\/\/accueildesfamillessanmarco.fr\/index.php?rest_route=\/wp\/v2\/pages\/81","targetHints":{"allow":["GET"]}}],"collection":[{"href":"https:\/\/accueildesfamillessanmarco.fr\/index.php?rest_route=\/wp\/v2\/pages"}],"about":[{"href":"https:\/\/accueildesfamillessanmarco.fr\/index.php?rest_route=\/wp\/v2\/types\/page"}],"author":[{"embeddable":true,"href":"https:\/\/accueildesfamillessanmarco.fr\/index.php?rest_route=\/wp\/v2\/users\/1"}],"replies":[{"embeddable":true,"href":"https:\/\/accueildesfamillessanmarco.fr\/index.php?rest_route=%2Fwp%2Fv2%2Fcomments&post=81"}],"version-history":[{"count":74,"href":"https:\/\/accueildesfamillessanmarco.fr\/index.php?rest_route=\/wp\/v2\/pages\/81\/revisions"}],"predecessor-version":[{"id":959,"href":"https:\/\/accueildesfamillessanmarco.fr\/index.php?rest_route=\/wp\/v2\/pages\/81\/revisions\/959"}],"wp:attachment":[{"href":"https:\/\/accueildesfamillessanmarco.fr\/index.php?rest_route=%2Fwp%2Fv2%2Fmedia&parent=81"}],"curies":[{"name":"wp","href":"https:\/\/api.w.org\/{rel}","templated":true}]}}

<div data-elementor-type="wp-page" data-elementor-id="81" class="elementor elementor-81">
									<section class="elementor-section elementor-top-section elementor-element elementor-element-88cbf3c elementor-section-boxed elementor-section-height-default elementor-section-height-default" data-id="88cbf3c" data-element_type="section">
						<div class="elementor-container elementor-column-gap-default">
					<div class="elementor-column elementor-col-100 elementor-top-column elementor-element elementor-element-9432d8e" data-id="9432d8e" data-element_type="column">
			<div class="elementor-widget-wrap elementor-element-populated">
								<div class="elementor-element elementor-element-3fcb67d elementor-widget elementor-widget-heading" data-id="3fcb67d" data-element_type="widget" data-widget_type="heading.default">
				<div class="elementor-widget-container">
			<style>/*! elementor - v3.18.0 - 20-12-2023 */
.elementor-heading-title{padding:0;margin:0;line-height:1}.elementor-widget-heading .elementor-heading-title[class*=elementor-size-]>a{color:inherit;font-size:inherit;line-height:inherit}.elementor-widget-heading .elementor-heading-title.elementor-size-small{font-size:15px}.elementor-widget-heading .elementor-heading-title.elementor-size-medium{font-size:19px}.elementor-widget-heading .elementor-heading-title.elementor-size-large{font-size:29px}.elementor-widget-heading .elementor-heading-title.elementor-size-xl{font-size:39px}.elementor-widget-heading .elementor-heading-title.elementor-size-xxl{font-size:59px}</style><h2 class="elementor-heading-title elementor-size-default">Les parloirs</h2>		</div>
				</div>
				<div class="elementor-element elementor-element-e4a6137 elementor-widget elementor-widget-text-editor" data-id="e4a6137" data-element_type="widget" data-widget_type="text-editor.default">
				<div class="elementor-widget-container">
			<style>/*! elementor - v3.18.0 - 20-12-2023 */
.elementor-widget-text-editor.elementor-drop-cap-view-stacked .elementor-drop-cap{background-color:#69727d;color:#fff}.elementor-widget-text-editor.elementor-drop-cap-view-framed .elementor-drop-cap{color:#69727d;border:3px solid;background-color:transparent}.elementor-widget-text-editor:not(.elementor-drop-cap-view-default) .elementor-drop-cap{margin-top:8px}.elementor-widget-text-editor:not(.elementor-drop-cap-view-default) .elementor-drop-cap-letter{width:1em;height:1em}.elementor-widget-text-editor .elementor-drop-cap{float:left;text-align:center;line-height:1;font-size:50px}.elementor-widget-text-editor .elementor-drop-cap-letter{display:inline-block}</style>				<p>Vous serez informé par un courrier de l’Administration Pénitentiaire, de l’obtention de votre permis de visite.</p>						</div>
				</div>
					</div>
		</div>
							</div>
		</section>
				<section class="elementor-section elementor-top-section elementor-element elementor-element-65f331c elementor-section-boxed elementor-section-height-default elementor-section-height-default" data-id="65f331c" data-element_type="section">
						<div class="elementor-container elementor-column-gap-default">
					<div class="elementor-column elementor-col-50 elementor-top-column elementor-element elementor-element-ae0cbe5 elementor-invisible" data-id="ae0cbe5" data-element_type="column" data-settings="{&quot;animation&quot;:&quot;fadeInLeft&quot;}">
			<div class="elementor-widget-wrap elementor-element-populated">
								<div class="elementor-element elementor-element-76f25d1 elementor-widget elementor-widget-text-editor" data-id="76f25d1" data-element_type="widget" data-widget_type="text-editor.default">
				<div class="elementor-widget-container">
							<h2>Maison d’arrêt de Corbas</h2>						</div>
				</div>
				<div class="elementor-element elementor-element-41e4592 elementor-widget elementor-widget-text-editor" data-id="41e4592" data-element_type="widget" data-widget_type="text-editor.default">
				<div class="elementor-widget-container">
							<p>Une fois votre permis accepté :</p>
<p>La 1ère réservation se fera par téléphone au&nbsp;<span style="font-family: var( --e-global-typography-text-font-family ), Sans-serif;"><span style="font-weight: var( --e-global-typography-text-font-weight ); background-color: #ffffff; font-size: 1rem;"><a href="http://tel:0800 050 800">0800 050 800</a></span></span></p>
<p>lundi, mardi et jeudi de 9h00 à 13h00 et mercredi de 9h à 12h et de 13h à 17h.</p>						</div>
				</div>
				<div class="elementor-element elementor-element-4c6a074 elementor-widget elementor-widget-text-editor" data-id="4c6a074" data-element_type="widget" data-widget_type="text-editor.default">
				<div class="elementor-widget-container">
							<p>Réservation de parloir en ligne :</p><p>Pour les réservations suivantes vous pourrez les effectuer directement en ligne</p>						</div>
				</div>
				<div class="elementor-element elementor-element-f869204 elementor-align-center elementor-widget elementor-widget-button" data-id="f869204" data-element_type="widget" data-widget_type="button.default">
				<div class="elementor-widget-container">
					<div class="elementor-button-wrapper">
			<a class="elementor-button elementor-button-link elementor-size-sm" href="https://app.franceconnect.gouv.fr/api/v1/authorize?scope=openid+family_name+given_name+birthdate+gender+email+preferred_username&#038;response_type=code&#038;redirect_uri=https%3A%2F%2Fwww.penitentiaire.justice.fr%2Fauthentification/callback?retour=parloir/futurs&#038;state=LCAIoe5fszaB05SVsoFBtHPKXuZjig7K3EjENczboMG2lK93Zx&#038;nonce=Uf5v4PYX3NyPS5IneTvlPRfcY9nU8nAz3VHr1L564bmdVqqzV6&#038;client_id=15f3247344b09e1297802150e068f626a46031c57609baa0fef97d96f7150663&#038;acr_values=eidas1#" target="_blank" rel="noopener">
						<span class="elementor-button-content-wrapper">
						<span class="elementor-button-text">Réservation en ligne</span>
		</span>
					</a>
		</div>
				</div>
				</div>
				<div class="elementor-element elementor-element-89b1478 elementor-widget elementor-widget-text-editor" data-id="89b1478" data-element_type="widget" data-widget_type="text-editor.default">
				<div class="elementor-widget-container">
							<p>Pour l’entrée au parloir :</p>
<p></p>
<p>&#8211; Présentez vous 45 minutes avant l’heure du parloir à la maison d’accueil des familles</p>
<p></p>
<p>&#8211; Munissez-vous d’une pièce d’identité en cours de validité</p>
<p></p>
<p>&#8211; Pour passer le portique de détection, ne pas avoir sur soi d’objets métalliques (téléphone, montre, pièce de monnaie, ceinture…)</p>
<p>Toute personne déclenchant le portique se verra refuser l’accès à l’établissement</p>
<p></p>
<p>&#8211; Munissez-vous également d’un certificat médical en cas de prothèse</p>						</div>
				</div>
					</div>
		</div>
				<div class="elementor-column elementor-col-50 elementor-top-column elementor-element elementor-element-5f61372 elementor-invisible" data-id="5f61372" data-element_type="column" data-settings="{&quot;animation&quot;:&quot;fadeInRight&quot;}">
			<div class="elementor-widget-wrap elementor-element-populated">
								<div class="elementor-element elementor-element-5c736f3 elementor-widget elementor-widget-text-editor" data-id="5c736f3" data-element_type="widget" data-widget_type="text-editor.default">
				<div class="elementor-widget-container">
							<h2>EPM</h2>						</div>
				</div>
				<div class="elementor-element elementor-element-8b554fd elementor-widget elementor-widget-text-editor" data-id="8b554fd" data-element_type="widget" data-widget_type="text-editor.default">
				<div class="elementor-widget-container">
							<p>Une fois votre permis accepté :</p>
<p>La première réservation peut se faire par téléphone&nbsp;</p>
<p>au&nbsp;<a href="http://tel:04 26 72 92 88">04 26 72 92 88</a>&nbsp;(bureau de la gestion de la détention).</p>
<p>Le lundi au vendredi de 9h à 12h et de 14h à 17h&nbsp;</p>						</div>
				</div>
				<div class="elementor-element elementor-element-949e1e1 elementor-widget elementor-widget-text-editor" data-id="949e1e1" data-element_type="widget" data-widget_type="text-editor.default">
				<div class="elementor-widget-container">
							<p>Réservation de parloir en ligne :</p><p>Pour les réservations suivantes vous pourrez les effectuer directement en ligne</p>						</div>
				</div>
				<div class="elementor-element elementor-element-221732c elementor-align-center elementor-widget elementor-widget-button" data-id="221732c" data-element_type="widget" data-widget_type="button.default">
				<div class="elementor-widget-container">
					<div class="elementor-button-wrapper">
			<a class="elementor-button elementor-button-link elementor-size-sm" href="https://app.franceconnect.gouv.fr/api/v1/authorize?scope=openid+family_name+given_name+birthdate+gender+email+preferred_username&#038;response_type=code&#038;redirect_uri=https%3A%2F%2Fwww.penitentiaire.justice.fr%2Fauthentification/callback?retour=parloir/futurs&#038;state=LCAIoe5fszaB05SVsoFBtHPKXuZjig7K3EjENczboMG2lK93Zx&#038;nonce=Uf5v4PYX3NyPS5IneTvlPRfcY9nU8nAz3VHr1L564bmdVqqzV6&#038;client_id=15f3247344b09e1297802150e068f626a46031c57609baa0fef97d96f7150663&#038;acr_values=eidas1" target="_blank" rel="noopener">
						<span class="elementor-button-content-wrapper">
						<span class="elementor-button-text">Réservation en ligne</span>
		</span>
					</a>
		</div>
				</div>
				</div>
				<div class="elementor-element elementor-element-ab2ed8b elementor-widget elementor-widget-text-editor" data-id="ab2ed8b" data-element_type="widget" data-widget_type="text-editor.default">
				<div class="elementor-widget-container">
							<p>Pour l’entrée au parloir :</p><p> </p><p>&#8211; Présentez vous 15 minutes avant l’heure du parloir à la maison d’accueil des familles pour déposer vos objects personnels dans un casier.</p><p> </p><p>&#8211; Munissez-vous d’une pièce d’identité en cours de validité</p><div> </div>						</div>
				</div>
					</div>
		</div>
							</div>
		</section>
							</div>

<p>Les parloirs Vous serez informé par un courrier de l’Administration Pénitentiaire, de l’obtention de votre permis de visite. Maison d’arrêt de Corbas Une fois votre permis accepté : La 1ère réservation se fera par téléphone au&nbsp;0800 050 800 lundi, mardi et jeudi de 9h00 à 13h00 et mercredi de 9h à 12h et de 13h [&hellip;]</p>
