{"id":2,"date":"2022-02-19T20:57:24","date_gmt":"2022-02-19T20:57:24","guid":{"rendered":"http:\/\/accueildesfamillessanmarco.fr\/?page_id=2"},"modified":"2025-06-27T08:50:35","modified_gmt":"2025-06-27T08:50:35","slug":"sample-page","status":"publish","type":"page","link":"https:\/\/accueildesfamillessanmarco.fr\/","title":{"rendered":"Accueil des familles de San Marco"},"content":{"rendered":"\t\t<div data-elementor-type=\"wp-page\" data-elementor-id=\"2\" class=\"elementor elementor-2\">\n\t\t\t\t\t\t\t\t\t<section class=\"elementor-section elementor-top-section elementor-element elementor-element-6c4f4284 elementor-section-boxed elementor-section-height-default elementor-section-height-default\" data-id=\"6c4f4284\" data-element_type=\"section\">\n\t\t\t\t\t\t<div class=\"elementor-container elementor-column-gap-default\">\n\t\t\t\t\t<div class=\"elementor-column elementor-col-100 elementor-top-column elementor-element elementor-element-39cfbdec\" data-id=\"39cfbdec\" data-element_type=\"column\">\n\t\t\t<div class=\"elementor-widget-wrap elementor-element-populated\">\n\t\t\t\t\t\t\t\t<div class=\"elementor-element elementor-element-051d92a elementor-widget elementor-widget-heading\" data-id=\"051d92a\" data-element_type=\"widget\" data-widget_type=\"heading.default\">\n\t\t\t\t<div class=\"elementor-widget-container\">\n\t\t\t<style>\/*! elementor - v3.18.0 - 20-12-2023 *\/\n.elementor-heading-title{padding:0;margin:0;line-height:1}.elementor-widget-heading .elementor-heading-title[class*=elementor-size-]>a{color:inherit;font-size:inherit;line-height:inherit}.elementor-widget-heading .elementor-heading-title.elementor-size-small{font-size:15px}.elementor-widget-heading .elementor-heading-title.elementor-size-medium{font-size:19px}.elementor-widget-heading .elementor-heading-title.elementor-size-large{font-size:29px}.elementor-widget-heading .elementor-heading-title.elementor-size-xl{font-size:39px}.elementor-widget-heading .elementor-heading-title.elementor-size-xxl{font-size:59px}<\/style><h2 class=\"elementor-heading-title elementor-size-default\">L'accueil San Marco<\/h2>\t\t<\/div>\n\t\t\t\t<\/div>\n\t\t\t\t<div class=\"elementor-element elementor-element-644ddb44 elementor-widget elementor-widget-text-editor\" data-id=\"644ddb44\" data-element_type=\"widget\" data-widget_type=\"text-editor.default\">\n\t\t\t\t<div class=\"elementor-widget-container\">\n\t\t\t<style>\/*! elementor - v3.18.0 - 20-12-2023 *\/\n.elementor-widget-text-editor.elementor-drop-cap-view-stacked .elementor-drop-cap{background-color:#69727d;color:#fff}.elementor-widget-text-editor.elementor-drop-cap-view-framed .elementor-drop-cap{color:#69727d;border:3px solid;background-color:transparent}.elementor-widget-text-editor:not(.elementor-drop-cap-view-default) .elementor-drop-cap{margin-top:8px}.elementor-widget-text-editor:not(.elementor-drop-cap-view-default) .elementor-drop-cap-letter{width:1em;height:1em}.elementor-widget-text-editor .elementor-drop-cap{float:left;text-align:center;line-height:1;font-size:50px}.elementor-widget-text-editor .elementor-drop-cap-letter{display:inline-block}<\/style>\t\t\t\t<p><!-- wp:paragraph --><\/p>\n<p>Une \u00e9quipe de b\u00e9n\u00e9voles vous accueille dans un espace qui vous est r\u00e9serv\u00e9.<\/p>\n<p><!-- \/wp:paragraph --><\/p>\t\t\t\t\t\t<\/div>\n\t\t\t\t<\/div>\n\t\t\t\t\t<\/div>\n\t\t<\/div>\n\t\t\t\t\t\t\t<\/div>\n\t\t<\/section>\n\t\t\t\t<section class=\"elementor-section elementor-top-section elementor-element elementor-element-f394bea elementor-section-boxed elementor-section-height-default elementor-section-height-default\" data-id=\"f394bea\" data-element_type=\"section\">\n\t\t\t\t\t\t<div class=\"elementor-container elementor-column-gap-default\">\n\t\t\t\t\t<div class=\"elementor-column elementor-col-50 elementor-top-column elementor-element elementor-element-da1fbd1 elementor-invisible\" data-id=\"da1fbd1\" data-element_type=\"column\" data-settings=\"{&quot;animation&quot;:&quot;fadeInLeft&quot;}\">\n\t\t\t<div class=\"elementor-widget-wrap elementor-element-populated\">\n\t\t\t\t\t\t\t\t<div class=\"elementor-element elementor-element-266a8ea elementor-widget elementor-widget-heading\" data-id=\"266a8ea\" data-element_type=\"widget\" data-widget_type=\"heading.default\">\n\t\t\t\t<div class=\"elementor-widget-container\">\n\t\t\t<h3 class=\"elementor-heading-title elementor-size-default\">Maison d'arr\u00eat de Corbas<\/h3>\t\t<\/div>\n\t\t\t\t<\/div>\n\t\t\t\t<div class=\"elementor-element elementor-element-d742e24 elementor-widget elementor-widget-image\" data-id=\"d742e24\" data-element_type=\"widget\" data-widget_type=\"image.default\">\n\t\t\t\t<div class=\"elementor-widget-container\">\n\t\t\t<style>\/*! elementor - v3.18.0 - 20-12-2023 *\/\n.elementor-widget-image{text-align:center}.elementor-widget-image a{display:inline-block}.elementor-widget-image a img[src$=\".svg\"]{width:48px}.elementor-widget-image img{vertical-align:middle;display:inline-block}<\/style>\t\t\t\t\t\t\t\t\t\t\t\t<img fetchpriority=\"high\" decoding=\"async\" width=\"560\" height=\"420\" src=\"https:\/\/accueildesfamillessanmarco.fr\/wp-content\/uploads\/2022\/02\/Resized_20220224_150205_7767.jpg\" class=\"attachment-large size-large wp-image-209\" alt=\"Accueil de la maison d&#039;arr\u00eat de Corbas\" srcset=\"https:\/\/accueildesfamillessanmarco.fr\/wp-content\/uploads\/2022\/02\/Resized_20220224_150205_7767.jpg 560w, https:\/\/accueildesfamillessanmarco.fr\/wp-content\/uploads\/2022\/02\/Resized_20220224_150205_7767-300x225.jpg 300w\" sizes=\"(max-width: 560px) 100vw, 560px\" \/>\t\t\t\t\t\t\t\t\t\t\t\t\t\t\t<\/div>\n\t\t\t\t<\/div>\n\t\t\t\t<div class=\"elementor-element elementor-element-b27a611 elementor-widget elementor-widget-text-editor\" data-id=\"b27a611\" data-element_type=\"widget\" data-widget_type=\"text-editor.default\">\n\t\t\t\t<div class=\"elementor-widget-container\">\n\t\t\t\t\t\t\t<p><!-- wp:paragraph --><\/p>\n<p>Local d&rsquo;accueil<\/p>\n<p><!-- \/wp:paragraph --><\/p>\t\t\t\t\t\t<\/div>\n\t\t\t\t<\/div>\n\t\t\t\t\t<\/div>\n\t\t<\/div>\n\t\t\t\t<div class=\"elementor-column elementor-col-50 elementor-top-column elementor-element elementor-element-8c9ca74 elementor-invisible\" data-id=\"8c9ca74\" data-element_type=\"column\" data-settings=\"{&quot;animation&quot;:&quot;fadeInRight&quot;}\">\n\t\t\t<div class=\"elementor-widget-wrap elementor-element-populated\">\n\t\t\t\t\t\t\t\t<div class=\"elementor-element elementor-element-01adaff elementor-widget elementor-widget-heading\" data-id=\"01adaff\" data-element_type=\"widget\" data-widget_type=\"heading.default\">\n\t\t\t\t<div class=\"elementor-widget-container\">\n\t\t\t<h3 class=\"elementor-heading-title elementor-size-default\">EPM<\/h3>\t\t<\/div>\n\t\t\t\t<\/div>\n\t\t\t\t<div class=\"elementor-element elementor-element-17b3b11 elementor-widget elementor-widget-image\" data-id=\"17b3b11\" data-element_type=\"widget\" data-widget_type=\"image.default\">\n\t\t\t\t<div class=\"elementor-widget-container\">\n\t\t\t\t\t\t\t\t\t\t\t\t\t\t\t\t<a href=\"https:\/\/accueildesfamillessanmarco.fr\/?page_id=13\">\n\t\t\t\t\t\t\t<img decoding=\"async\" width=\"800\" height=\"600\" src=\"https:\/\/accueildesfamillessanmarco.fr\/wp-content\/uploads\/2022\/02\/IMG_3202-1024x768.jpg\" class=\"attachment-large size-large wp-image-36\" alt=\"Maison des familles de l&#039;\u00e9tablissement pour mineurs de meyzieu\" srcset=\"https:\/\/accueildesfamillessanmarco.fr\/wp-content\/uploads\/2022\/02\/IMG_3202-1024x768.jpg 1024w, https:\/\/accueildesfamillessanmarco.fr\/wp-content\/uploads\/2022\/02\/IMG_3202-300x225.jpg 300w, https:\/\/accueildesfamillessanmarco.fr\/wp-content\/uploads\/2022\/02\/IMG_3202-768x576.jpg 768w, https:\/\/accueildesfamillessanmarco.fr\/wp-content\/uploads\/2022\/02\/IMG_3202-1536x1152.jpg 1536w, https:\/\/accueildesfamillessanmarco.fr\/wp-content\/uploads\/2022\/02\/IMG_3202-2048x1536.jpg 2048w\" sizes=\"(max-width: 800px) 100vw, 800px\" \/>\t\t\t\t\t\t\t\t<\/a>\n\t\t\t\t\t\t\t\t\t\t\t\t\t\t\t<\/div>\n\t\t\t\t<\/div>\n\t\t\t\t<div class=\"elementor-element elementor-element-0e2f74b elementor-widget elementor-widget-text-editor\" data-id=\"0e2f74b\" data-element_type=\"widget\" data-widget_type=\"text-editor.default\">\n\t\t\t\t<div class=\"elementor-widget-container\">\n\t\t\t\t\t\t\t<p><!-- wp:paragraph --><\/p>\n<p>Maison des familles<\/p>\n<p><!-- \/wp:paragraph --><\/p>\t\t\t\t\t\t<\/div>\n\t\t\t\t<\/div>\n\t\t\t\t\t<\/div>\n\t\t<\/div>\n\t\t\t\t\t\t\t<\/div>\n\t\t<\/section>\n\t\t\t\t<section class=\"elementor-section elementor-top-section elementor-element elementor-element-2e88279 elementor-section-boxed elementor-section-height-default elementor-section-height-default\" data-id=\"2e88279\" data-element_type=\"section\">\n\t\t\t\t\t\t<div class=\"elementor-container elementor-column-gap-default\">\n\t\t\t\t\t<div class=\"elementor-column elementor-col-100 elementor-top-column elementor-element elementor-element-d559586\" data-id=\"d559586\" data-element_type=\"column\">\n\t\t\t<div class=\"elementor-widget-wrap elementor-element-populated\">\n\t\t\t\t\t\t\t\t<div class=\"elementor-element elementor-element-6f92778 elementor-widget elementor-widget-spacer\" data-id=\"6f92778\" data-element_type=\"widget\" data-widget_type=\"spacer.default\">\n\t\t\t\t<div class=\"elementor-widget-container\">\n\t\t\t<style>\/*! elementor - v3.18.0 - 20-12-2023 *\/\n.elementor-column .elementor-spacer-inner{height:var(--spacer-size)}.e-con{--container-widget-width:100%}.e-con-inner>.elementor-widget-spacer,.e-con>.elementor-widget-spacer{width:var(--container-widget-width,var(--spacer-size));--align-self:var(--container-widget-align-self,initial);--flex-shrink:0}.e-con-inner>.elementor-widget-spacer>.elementor-widget-container,.e-con>.elementor-widget-spacer>.elementor-widget-container{height:100%;width:100%}.e-con-inner>.elementor-widget-spacer>.elementor-widget-container>.elementor-spacer,.e-con>.elementor-widget-spacer>.elementor-widget-container>.elementor-spacer{height:100%}.e-con-inner>.elementor-widget-spacer>.elementor-widget-container>.elementor-spacer>.elementor-spacer-inner,.e-con>.elementor-widget-spacer>.elementor-widget-container>.elementor-spacer>.elementor-spacer-inner{height:var(--container-widget-height,var(--spacer-size))}.e-con-inner>.elementor-widget-spacer.elementor-widget-empty,.e-con>.elementor-widget-spacer.elementor-widget-empty{position:relative;min-height:22px;min-width:22px}.e-con-inner>.elementor-widget-spacer.elementor-widget-empty .elementor-widget-empty-icon,.e-con>.elementor-widget-spacer.elementor-widget-empty .elementor-widget-empty-icon{position:absolute;top:0;bottom:0;left:0;right:0;margin:auto;padding:0;width:22px;height:22px}<\/style>\t\t<div class=\"elementor-spacer\">\n\t\t\t<div class=\"elementor-spacer-inner\"><\/div>\n\t\t<\/div>\n\t\t\t\t<\/div>\n\t\t\t\t<\/div>\n\t\t\t\t<div class=\"elementor-element elementor-element-74b2469 elementor-invisible elementor-widget elementor-widget-text-editor\" data-id=\"74b2469\" data-element_type=\"widget\" data-settings=\"{&quot;_animation&quot;:&quot;fadeInUp&quot;}\" data-widget_type=\"text-editor.default\">\n\t\t\t\t<div class=\"elementor-widget-container\">\n\t\t\t\t\t\t\t<p><!-- wp:paragraph --><\/p>\n<p><b>Vous-y trouverez :&nbsp;<\/b><\/p>\n<p>&#8211; une \u00e9coute dans le respect des personnes et dans un climat de confiance, de confidentialit\u00e9 et de neutralit\u00e9,<\/p>\n<p>&#8211; Une possibilit\u00e9 de d\u00e9tente : boisson, sanitaire, espace change b\u00e9b\u00e9, coin d\u00e9di\u00e9 aux enfants avec jeux, livres, et pr\u00eat de jeux pour les enfants allant au parloir (suspendu durant la pand\u00e9mie).<\/p><p>Des b\u00e9n\u00e9voles de l&rsquo;association \u00ab\u00a0Lire et faire lire\u00a0\u00bb interviennent deux fois par semaine dans l&rsquo;espace enfants.<\/p>\n<p>&#8211; Des informations,<\/p>\n<p>&#8211; Des r\u00e9ponses \u00e0 vos questions ou une orientation vers la personne comp\u00e9tente<\/p>\n<p><!-- \/wp:paragraph --><\/p>\t\t\t\t\t\t<\/div>\n\t\t\t\t<\/div>\n\t\t\t\t<div class=\"elementor-element elementor-element-53b96f1 elementor-widget elementor-widget-spacer\" data-id=\"53b96f1\" data-element_type=\"widget\" data-widget_type=\"spacer.default\">\n\t\t\t\t<div class=\"elementor-widget-container\">\n\t\t\t\t\t<div class=\"elementor-spacer\">\n\t\t\t<div class=\"elementor-spacer-inner\"><\/div>\n\t\t<\/div>\n\t\t\t\t<\/div>\n\t\t\t\t<\/div>\n\t\t\t\t<div class=\"elementor-element elementor-element-77bae07 elementor-invisible elementor-widget elementor-widget-heading\" data-id=\"77bae07\" data-element_type=\"widget\" data-settings=\"{&quot;_animation&quot;:&quot;fadeInUp&quot;}\" data-widget_type=\"heading.default\">\n\t\t\t\t<div class=\"elementor-widget-container\">\n\t\t\t<h3 class=\"elementor-heading-title elementor-size-default\">Historique de notre association<\/h3>\t\t<\/div>\n\t\t\t\t<\/div>\n\t\t\t\t<div class=\"elementor-element elementor-element-bbfb955 elementor-invisible elementor-widget elementor-widget-text-editor\" data-id=\"bbfb955\" data-element_type=\"widget\" data-settings=\"{&quot;_animation&quot;:&quot;fadeInUp&quot;}\" data-widget_type=\"text-editor.default\">\n\t\t\t\t<div class=\"elementor-widget-container\">\n\t\t\t\t\t\t\t<p><!-- wp:paragraph --><\/p>\n<p>A l&rsquo;initiative d&rsquo;un collectif d&rsquo;associations, en d\u00e9cembre 1981, une salle d&rsquo;accueil a \u00e9t\u00e9 cr\u00e9\u00e9e pour \u00e9viter une attente p\u00e9nible, dans la rue, aux familles de d\u00e9tenus qui se rendent aux parloirs.<\/p>\n<p>\u00a0<\/p>\n<p>Ce centre d&rsquo;accueil San Marco fonctionnait sous l&rsquo;\u00e9gide de l\u2019\u2019A.N.V.P. (Association Nationale des Visiteurs de Prison).<\/p>\n<p>\u00a0<\/p>\n<p>Dans le prolongement de cette action depuis septembre 1999, l\u2019Accueil San Marco est devenu une association lyonnaise autonome dans sa gestion.<\/p>\n<p>\u00a0<\/p>\n<p>Son financement est assur\u00e9 par des subventions de collectivit\u00e9s publiques, d&rsquo;associations priv\u00e9es et des dons de particuliers.<\/p>\n<p>\u00a0<\/p>\n<p>Aujourd&rsquo;hui, l&rsquo;Accueil San Marco est situ\u00e9 devant la maison d&rsquo;Arr\u00eat de Lyon Corbas et de l\u2019EPM \u00e0 Meyzieu.<\/p>\n<p><!-- \/wp:paragraph --><\/p>\t\t\t\t\t\t<\/div>\n\t\t\t\t<\/div>\n\t\t\t\t\t<\/div>\n\t\t<\/div>\n\t\t\t\t\t\t\t<\/div>\n\t\t<\/section>\n\t\t\t\t<section class=\"elementor-section elementor-top-section elementor-element elementor-element-783d640 elementor-section-boxed elementor-section-height-default elementor-section-height-default\" data-id=\"783d640\" data-element_type=\"section\">\n\t\t\t\t\t\t<div class=\"elementor-container elementor-column-gap-default\">\n\t\t\t\t\t<div class=\"elementor-column elementor-col-100 elementor-top-column elementor-element elementor-element-3971e03\" data-id=\"3971e03\" data-element_type=\"column\">\n\t\t\t<div class=\"elementor-widget-wrap elementor-element-populated\">\n\t\t\t\t\t\t\t\t<div class=\"elementor-element elementor-element-ddc9f35 elementor-widget elementor-widget-heading\" data-id=\"ddc9f35\" data-element_type=\"widget\" data-widget_type=\"heading.default\">\n\t\t\t\t<div class=\"elementor-widget-container\">\n\t\t\t<h3 class=\"elementor-heading-title elementor-size-default\">O\u00f9 nous trouver ?<\/h3>\t\t<\/div>\n\t\t\t\t<\/div>\n\t\t\t\t<div class=\"elementor-element elementor-element-6718414 elementor-widget elementor-widget-text-editor\" data-id=\"6718414\" data-element_type=\"widget\" data-widget_type=\"text-editor.default\">\n\t\t\t\t<div class=\"elementor-widget-container\">\n\t\t\t\t\t\t\t<p>Si\u00e8ge social : 7 Rue du Plat, 69002 Lyon<\/p>\t\t\t\t\t\t<\/div>\n\t\t\t\t<\/div>\n\t\t\t\t<section class=\"elementor-section elementor-inner-section elementor-element elementor-element-df5e736 elementor-section-boxed elementor-section-height-default elementor-section-height-default\" data-id=\"df5e736\" data-element_type=\"section\">\n\t\t\t\t\t\t<div class=\"elementor-container elementor-column-gap-default\">\n\t\t\t\t\t<div class=\"elementor-column elementor-col-50 elementor-inner-column elementor-element elementor-element-2410153 elementor-invisible\" data-id=\"2410153\" data-element_type=\"column\" data-settings=\"{&quot;animation&quot;:&quot;fadeInLeft&quot;}\">\n\t\t\t<div class=\"elementor-widget-wrap elementor-element-populated\">\n\t\t\t\t\t\t\t\t<div class=\"elementor-element elementor-element-58d7c71 elementor-widget elementor-widget-heading\" data-id=\"58d7c71\" data-element_type=\"widget\" data-widget_type=\"heading.default\">\n\t\t\t\t<div class=\"elementor-widget-container\">\n\t\t\t<h4 class=\"elementor-heading-title elementor-size-default\">Maison d'arr\u00eat<\/h4>\t\t<\/div>\n\t\t\t\t<\/div>\n\t\t\t\t<div class=\"elementor-element elementor-element-19bf505 elementor-widget elementor-widget-text-editor\" data-id=\"19bf505\" data-element_type=\"widget\" data-widget_type=\"text-editor.default\">\n\t\t\t\t<div class=\"elementor-widget-container\">\n\t\t\t\t\t\t\t<p><b>Horaires d\u2019ouverture d&rsquo;ETE :&nbsp;<\/b><\/p>\n<p><\/p>\n<p>Du 01\/07\/2025 au 31\/08\/2025 l&rsquo;accueil sera ouvert de 8h30 \u00e0 13h (fermeture toutes les apr\u00e8s-midi).<\/p>\n<p>Fermeture <b>compl\u00e8te<\/b> du 14\/07\/2025 au 20\/07\/2025 et du 11\/08\/2025 au 17\/08\/2025.<\/p>\t\t\t\t\t\t<\/div>\n\t\t\t\t<\/div>\n\t\t\t\t<div class=\"elementor-element elementor-element-add56c4 elementor-widget elementor-widget-text-editor\" data-id=\"add56c4\" data-element_type=\"widget\" data-widget_type=\"text-editor.default\">\n\t\t\t\t<div class=\"elementor-widget-container\">\n\t\t\t\t\t\t\t<p><b>Horaires d\u2019ouverture :\u00a0<\/b><\/p>\n<p>\u00a0<\/p>\n<p>Du mardi au vendredi de 8h30 \u00e0 16h00<\/p>\n<p>Et le samedi de 8h30 \u00e0 13h30<\/p>\t\t\t\t\t\t<\/div>\n\t\t\t\t<\/div>\n\t\t\t\t<div class=\"elementor-element elementor-element-5e606fa elementor-widget elementor-widget-text-editor\" data-id=\"5e606fa\" data-element_type=\"widget\" data-widget_type=\"text-editor.default\">\n\t\t\t\t<div class=\"elementor-widget-container\">\n\t\t\t\t\t\t\t<p><b>Adresse :<\/b><\/p>\n<p><a href=\"https:\/\/goo.gl\/maps\/MSqwgLMzerAt835Y8\" target=\"_blank\" rel=\"noopener\">40 boulevard des Nations<\/a><\/p>\n<p><a href=\"https:\/\/goo.gl\/maps\/MSqwgLMzerAt835Y8\" target=\"_blank\" rel=\"noopener\">69960 CORBAS<\/a><\/p>\t\t\t\t\t\t<\/div>\n\t\t\t\t<\/div>\n\t\t\t\t<div class=\"elementor-element elementor-element-9299c58 elementor-widget elementor-widget-text-editor\" data-id=\"9299c58\" data-element_type=\"widget\" data-widget_type=\"text-editor.default\">\n\t\t\t\t<div class=\"elementor-widget-container\">\n\t\t\t\t\t\t\t<p><b>Comment s\u2019y rendre :<\/b><\/p>\n<p>M\u00e9tro D jusqu&rsquo;\u00e0 Gare de V\u00e9nissieux puis correspondance&nbsp;<span style=\"color: var( --e-global-color-text ); font-family: var( --e-global-typography-text-font-family ), Sans-serif; font-weight: var( --e-global-typography-text-font-weight ); font-size: 1rem;\">Bus ZI1 ou&nbsp;<\/span><span style=\"color: var( --e-global-color-text ); font-family: var( --e-global-typography-text-font-family ), Sans-serif; font-weight: var( --e-global-typography-text-font-weight ); font-size: 1rem;\">C25<\/span><\/p>\t\t\t\t\t\t<\/div>\n\t\t\t\t<\/div>\n\t\t\t\t\t<\/div>\n\t\t<\/div>\n\t\t\t\t<div class=\"elementor-column elementor-col-50 elementor-inner-column elementor-element elementor-element-b226c49 elementor-invisible\" data-id=\"b226c49\" data-element_type=\"column\" data-settings=\"{&quot;animation&quot;:&quot;fadeInRight&quot;}\">\n\t\t\t<div class=\"elementor-widget-wrap elementor-element-populated\">\n\t\t\t\t\t\t\t\t<div class=\"elementor-element elementor-element-b85d6e3 elementor-widget elementor-widget-heading\" data-id=\"b85d6e3\" data-element_type=\"widget\" data-widget_type=\"heading.default\">\n\t\t\t\t<div class=\"elementor-widget-container\">\n\t\t\t<h4 class=\"elementor-heading-title elementor-size-default\">EPM<\/h4>\t\t<\/div>\n\t\t\t\t<\/div>\n\t\t\t\t<div class=\"elementor-element elementor-element-3bacd79 elementor-widget elementor-widget-text-editor\" data-id=\"3bacd79\" data-element_type=\"widget\" data-widget_type=\"text-editor.default\">\n\t\t\t\t<div class=\"elementor-widget-container\">\n\t\t\t\t\t\t\t<p><b>Horaires d\u2019ouverture :\u00a0<\/b><\/p>\n<p>Le mercredi et le samedi de 13h30 \u00e0 18h<\/p>\t\t\t\t\t\t<\/div>\n\t\t\t\t<\/div>\n\t\t\t\t<div class=\"elementor-element elementor-element-8de55bd elementor-widget elementor-widget-text-editor\" data-id=\"8de55bd\" data-element_type=\"widget\" data-widget_type=\"text-editor.default\">\n\t\t\t\t<div class=\"elementor-widget-container\">\n\t\t\t\t\t\t\t<p><b>Adresse :<\/b><\/p>\n<p><a href=\"https:\/\/goo.gl\/maps\/gjWFzJ7mSiNpF9b87\" target=\"_blank\" rel=\"noopener\"><span style=\"color: #333366;\">1 Rue du Rambion<\/span><\/a><\/p>\n<p><a href=\"https:\/\/goo.gl\/maps\/gjWFzJ7mSiNpF9b87\" target=\"_blank\" rel=\"noopener\"><span style=\"color: #333366;\">69330 Meyzieu<\/span><\/a><\/p>\t\t\t\t\t\t<\/div>\n\t\t\t\t<\/div>\n\t\t\t\t<div class=\"elementor-element elementor-element-e18fd26 elementor-widget elementor-widget-text-editor\" data-id=\"e18fd26\" data-element_type=\"widget\" data-widget_type=\"text-editor.default\">\n\t\t\t\t<div class=\"elementor-widget-container\">\n\t\t\t\t\t\t\t<p><b>Comment s\u2019y rendre :<\/b><\/p>\n<p>T3\u00a0<\/p>\n<p>Bus 85<\/p>\t\t\t\t\t\t<\/div>\n\t\t\t\t<\/div>\n\t\t\t\t\t<\/div>\n\t\t<\/div>\n\t\t\t\t\t\t\t<\/div>\n\t\t<\/section>\n\t\t\t\t\t<\/div>\n\t\t<\/div>\n\t\t\t\t\t\t\t<\/div>\n\t\t<\/section>\n\t\t\t\t\t\t\t<\/div>\n\t\t","protected":false},"excerpt":{"rendered":"<p>L&rsquo;accueil San Marco Une \u00e9quipe de b\u00e9n\u00e9voles vous accueille dans un espace qui vous est r\u00e9serv\u00e9. Maison d&rsquo;arr\u00eat de Corbas Local d&rsquo;accueil EPM Maison des familles Vous-y trouverez :&nbsp; &#8211; une \u00e9coute dans le respect des personnes et dans un climat de confiance, de confidentialit\u00e9 et de neutralit\u00e9, &#8211; Une possibilit\u00e9 de d\u00e9tente : boisson, [&hellip;]<\/p>\n","protected":false},"author":1,"featured_media":209,"parent":0,"menu_order":0,"comment_status":"closed","ping_status":"closed","template":"","meta":{"om_disable_all_campaigns":false,"_monsterinsights_skip_tracking":false,"_monsterinsights_sitenote_active":false,"_monsterinsights_sitenote_note":"","_monsterinsights_sitenote_category":0,"footnotes":""},"class_list":["post-2","page","type-page","status-publish","has-post-thumbnail","hentry"],"_links":{"self":[{"href":"https:\/\/accueildesfamillessanmarco.fr\/index.php?rest_route=\/wp\/v2\/pages\/2","targetHints":{"allow":["GET"]}}],"collection":[{"href":"https:\/\/accueildesfamillessanmarco.fr\/index.php?rest_route=\/wp\/v2\/pages"}],"about":[{"href":"https:\/\/accueildesfamillessanmarco.fr\/index.php?rest_route=\/wp\/v2\/types\/page"}],"author":[{"embeddable":true,"href":"https:\/\/accueildesfamillessanmarco.fr\/index.php?rest_route=\/wp\/v2\/users\/1"}],"replies":[{"embeddable":true,"href":"https:\/\/accueildesfamillessanmarco.fr\/index.php?rest_route=%2Fwp%2Fv2%2Fcomments&post=2"}],"version-history":[{"count":146,"href":"https:\/\/accueildesfamillessanmarco.fr\/index.php?rest_route=\/wp\/v2\/pages\/2\/revisions"}],"predecessor-version":[{"id":970,"href":"https:\/\/accueildesfamillessanmarco.fr\/index.php?rest_route=\/wp\/v2\/pages\/2\/revisions\/970"}],"wp:featuredmedia":[{"embeddable":true,"href":"https:\/\/accueildesfamillessanmarco.fr\/index.php?rest_route=\/wp\/v2\/media\/209"}],"wp:attachment":[{"href":"https:\/\/accueildesfamillessanmarco.fr\/index.php?rest_route=%2Fwp%2Fv2%2Fmedia&parent=2"}],"curies":[{"name":"wp","href":"https:\/\/api.w.org\/{rel}","templated":true}]}}