{"id":142,"date":"2022-02-27T02:05:07","date_gmt":"2022-02-27T02:05:07","guid":{"rendered":"https:\/\/accueildesfamillessanmarco.fr\/?page_id=142"},"modified":"2022-03-30T08:27:00","modified_gmt":"2022-03-30T08:27:00","slug":"consignes-coronasvirus-accueil-des-familles-de-san-marco","status":"publish","type":"page","link":"https:\/\/accueildesfamillessanmarco.fr\/?page_id=142","title":{"rendered":"Consignes Coronasvirus"},"content":{"rendered":"\t\t<div data-elementor-type=\"wp-page\" data-elementor-id=\"142\" class=\"elementor elementor-142\">\n\t\t\t\t\t\t\t\t\t<section class=\"elementor-section elementor-top-section elementor-element elementor-element-9a39f1a elementor-section-boxed elementor-section-height-default elementor-section-height-default\" data-id=\"9a39f1a\" data-element_type=\"section\">\n\t\t\t\t\t\t<div class=\"elementor-container elementor-column-gap-default\">\n\t\t\t\t\t<div class=\"elementor-column elementor-col-100 elementor-top-column elementor-element elementor-element-45a1984\" data-id=\"45a1984\" data-element_type=\"column\">\n\t\t\t<div class=\"elementor-widget-wrap elementor-element-populated\">\n\t\t\t\t\t\t\t\t<div class=\"elementor-element elementor-element-a61a684 elementor-widget elementor-widget-heading\" data-id=\"a61a684\" data-element_type=\"widget\" data-widget_type=\"heading.default\">\n\t\t\t\t<div class=\"elementor-widget-container\">\n\t\t\t<style>\/*! elementor - v3.18.0 - 20-12-2023 *\/\n.elementor-heading-title{padding:0;margin:0;line-height:1}.elementor-widget-heading .elementor-heading-title[class*=elementor-size-]>a{color:inherit;font-size:inherit;line-height:inherit}.elementor-widget-heading .elementor-heading-title.elementor-size-small{font-size:15px}.elementor-widget-heading .elementor-heading-title.elementor-size-medium{font-size:19px}.elementor-widget-heading .elementor-heading-title.elementor-size-large{font-size:29px}.elementor-widget-heading .elementor-heading-title.elementor-size-xl{font-size:39px}.elementor-widget-heading .elementor-heading-title.elementor-size-xxl{font-size:59px}<\/style><h2 class=\"elementor-heading-title elementor-size-default\">Consignes Coronavirus<\/h2>\t\t<\/div>\n\t\t\t\t<\/div>\n\t\t\t\t<div class=\"elementor-element elementor-element-eb031b4 elementor-widget elementor-widget-text-editor\" data-id=\"eb031b4\" data-element_type=\"widget\" data-widget_type=\"text-editor.default\">\n\t\t\t\t<div class=\"elementor-widget-container\">\n\t\t\t<style>\/*! elementor - v3.18.0 - 20-12-2023 *\/\n.elementor-widget-text-editor.elementor-drop-cap-view-stacked .elementor-drop-cap{background-color:#69727d;color:#fff}.elementor-widget-text-editor.elementor-drop-cap-view-framed .elementor-drop-cap{color:#69727d;border:3px solid;background-color:transparent}.elementor-widget-text-editor:not(.elementor-drop-cap-view-default) .elementor-drop-cap{margin-top:8px}.elementor-widget-text-editor:not(.elementor-drop-cap-view-default) .elementor-drop-cap-letter{width:1em;height:1em}.elementor-widget-text-editor .elementor-drop-cap{float:left;text-align:center;line-height:1;font-size:50px}.elementor-widget-text-editor .elementor-drop-cap-letter{display:inline-block}<\/style>\t\t\t\t<p>Pr\u00e9cautions \u00e0 prendre avant d\u2019entrer dans l\u2019\u00e9tablissement p\u00e9nitentiaire<\/p><p>\u00a0<\/p><p>Si vous avez \u00e9t\u00e9 en contact avec une personne infect\u00e9e par le coronavirus<\/p><p>\u00a0<\/p><p>Si vous avez voyag\u00e9 ou avez \u00e9t\u00e9 en contact direct avec une personne ayant voyag\u00e9 dans une des zones g\u00e9ographiques expos\u00e9es au Coronavirus.<\/p>\t\t\t\t\t\t<\/div>\n\t\t\t\t<\/div>\n\t\t\t\t<div class=\"elementor-element elementor-element-9dbc0dc elementor-widget elementor-widget-text-editor\" data-id=\"9dbc0dc\" data-element_type=\"widget\" data-widget_type=\"text-editor.default\">\n\t\t\t\t<div class=\"elementor-widget-container\">\n\t\t\t\t\t\t\t<p>Vous \u00eates invit\u00e9 \u00e0 diff\u00e9rer votre visite au sein de l\u2019\u00e9tablissement et d\u2019informer du report de votre visite au\u00a0<\/p><p>num\u00e9ro suivant 0800 050 800<\/p>\t\t\t\t\t\t<\/div>\n\t\t\t\t<\/div>\n\t\t\t\t<div class=\"elementor-element elementor-element-31aee98 elementor-widget elementor-widget-text-editor\" data-id=\"31aee98\" data-element_type=\"widget\" data-widget_type=\"text-editor.default\">\n\t\t\t\t<div class=\"elementor-widget-container\">\n\t\t\t\t\t\t\t<p><b>Rappel des consignes d&rsquo;usage<\/b><\/p>\t\t\t\t\t\t<\/div>\n\t\t\t\t<\/div>\n\t\t\t\t<div class=\"elementor-element elementor-element-2527c5d elementor-widget elementor-widget-image\" data-id=\"2527c5d\" data-element_type=\"widget\" data-widget_type=\"image.default\">\n\t\t\t\t<div class=\"elementor-widget-container\">\n\t\t\t<style>\/*! elementor - v3.18.0 - 20-12-2023 *\/\n.elementor-widget-image{text-align:center}.elementor-widget-image a{display:inline-block}.elementor-widget-image a img[src$=\".svg\"]{width:48px}.elementor-widget-image img{vertical-align:middle;display:inline-block}<\/style>\t\t\t\t\t\t\t\t\t\t\t\t<img fetchpriority=\"high\" decoding=\"async\" width=\"800\" height=\"368\" src=\"https:\/\/accueildesfamillessanmarco.fr\/wp-content\/uploads\/2022\/02\/banner-coronavirus-2000x740-03-20-pp_-_copie-1024x471.png\" class=\"attachment-large size-large wp-image-144\" alt=\"Consignes coronavirus\" srcset=\"https:\/\/accueildesfamillessanmarco.fr\/wp-content\/uploads\/2022\/02\/banner-coronavirus-2000x740-03-20-pp_-_copie-1024x471.png 1024w, https:\/\/accueildesfamillessanmarco.fr\/wp-content\/uploads\/2022\/02\/banner-coronavirus-2000x740-03-20-pp_-_copie-300x138.png 300w, https:\/\/accueildesfamillessanmarco.fr\/wp-content\/uploads\/2022\/02\/banner-coronavirus-2000x740-03-20-pp_-_copie-768x353.png 768w, https:\/\/accueildesfamillessanmarco.fr\/wp-content\/uploads\/2022\/02\/banner-coronavirus-2000x740-03-20-pp_-_copie-1536x706.png 1536w, https:\/\/accueildesfamillessanmarco.fr\/wp-content\/uploads\/2022\/02\/banner-coronavirus-2000x740-03-20-pp_-_copie.png 1609w\" sizes=\"(max-width: 800px) 100vw, 800px\" \/>\t\t\t\t\t\t\t\t\t\t\t\t\t\t\t<\/div>\n\t\t\t\t<\/div>\n\t\t\t\t\t<\/div>\n\t\t<\/div>\n\t\t\t\t\t\t\t<\/div>\n\t\t<\/section>\n\t\t\t\t\t\t\t<\/div>\n\t\t","protected":false},"excerpt":{"rendered":"<p>Consignes Coronavirus Pr\u00e9cautions \u00e0 prendre avant d\u2019entrer dans l\u2019\u00e9tablissement p\u00e9nitentiaire \u00a0 Si vous avez \u00e9t\u00e9 en contact avec une personne infect\u00e9e par le coronavirus \u00a0 Si vous avez voyag\u00e9 ou avez \u00e9t\u00e9 en contact direct avec une personne ayant voyag\u00e9 dans une des zones g\u00e9ographiques expos\u00e9es au Coronavirus. Vous \u00eates invit\u00e9 \u00e0 diff\u00e9rer votre visite [&hellip;]<\/p>\n","protected":false},"author":1,"featured_media":144,"parent":0,"menu_order":0,"comment_status":"closed","ping_status":"closed","template":"","meta":{"om_disable_all_campaigns":false,"_monsterinsights_skip_tracking":false,"_monsterinsights_sitenote_active":false,"_monsterinsights_sitenote_note":"","_monsterinsights_sitenote_category":0,"footnotes":""},"class_list":["post-142","page","type-page","status-publish","has-post-thumbnail","hentry"],"_links":{"self":[{"href":"https:\/\/accueildesfamillessanmarco.fr\/index.php?rest_route=\/wp\/v2\/pages\/142","targetHints":{"allow":["GET"]}}],"collection":[{"href":"https:\/\/accueildesfamillessanmarco.fr\/index.php?rest_route=\/wp\/v2\/pages"}],"about":[{"href":"https:\/\/accueildesfamillessanmarco.fr\/index.php?rest_route=\/wp\/v2\/types\/page"}],"author":[{"embeddable":true,"href":"https:\/\/accueildesfamillessanmarco.fr\/index.php?rest_route=\/wp\/v2\/users\/1"}],"replies":[{"embeddable":true,"href":"https:\/\/accueildesfamillessanmarco.fr\/index.php?rest_route=%2Fwp%2Fv2%2Fcomments&post=142"}],"version-history":[{"count":35,"href":"https:\/\/accueildesfamillessanmarco.fr\/index.php?rest_route=\/wp\/v2\/pages\/142\/revisions"}],"predecessor-version":[{"id":590,"href":"https:\/\/accueildesfamillessanmarco.fr\/index.php?rest_route=\/wp\/v2\/pages\/142\/revisions\/590"}],"wp:featuredmedia":[{"embeddable":true,"href":"https:\/\/accueildesfamillessanmarco.fr\/index.php?rest_route=\/wp\/v2\/media\/144"}],"wp:attachment":[{"href":"https:\/\/accueildesfamillessanmarco.fr\/index.php?rest_route=%2Fwp%2Fv2%2Fmedia&parent=142"}],"curies":[{"name":"wp","href":"https:\/\/api.w.org\/{rel}","templated":true}]}}

<div data-elementor-type="wp-page" data-elementor-id="142" class="elementor elementor-142">
									<section class="elementor-section elementor-top-section elementor-element elementor-element-9a39f1a elementor-section-boxed elementor-section-height-default elementor-section-height-default" data-id="9a39f1a" data-element_type="section">
						<div class="elementor-container elementor-column-gap-default">
					<div class="elementor-column elementor-col-100 elementor-top-column elementor-element elementor-element-45a1984" data-id="45a1984" data-element_type="column">
			<div class="elementor-widget-wrap elementor-element-populated">
								<div class="elementor-element elementor-element-a61a684 elementor-widget elementor-widget-heading" data-id="a61a684" data-element_type="widget" data-widget_type="heading.default">
				<div class="elementor-widget-container">
			<style>/*! elementor - v3.18.0 - 20-12-2023 */
.elementor-heading-title{padding:0;margin:0;line-height:1}.elementor-widget-heading .elementor-heading-title[class*=elementor-size-]>a{color:inherit;font-size:inherit;line-height:inherit}.elementor-widget-heading .elementor-heading-title.elementor-size-small{font-size:15px}.elementor-widget-heading .elementor-heading-title.elementor-size-medium{font-size:19px}.elementor-widget-heading .elementor-heading-title.elementor-size-large{font-size:29px}.elementor-widget-heading .elementor-heading-title.elementor-size-xl{font-size:39px}.elementor-widget-heading .elementor-heading-title.elementor-size-xxl{font-size:59px}</style><h2 class="elementor-heading-title elementor-size-default">Consignes Coronavirus</h2>		</div>
				</div>
				<div class="elementor-element elementor-element-eb031b4 elementor-widget elementor-widget-text-editor" data-id="eb031b4" data-element_type="widget" data-widget_type="text-editor.default">
				<div class="elementor-widget-container">
			<style>/*! elementor - v3.18.0 - 20-12-2023 */
.elementor-widget-text-editor.elementor-drop-cap-view-stacked .elementor-drop-cap{background-color:#69727d;color:#fff}.elementor-widget-text-editor.elementor-drop-cap-view-framed .elementor-drop-cap{color:#69727d;border:3px solid;background-color:transparent}.elementor-widget-text-editor:not(.elementor-drop-cap-view-default) .elementor-drop-cap{margin-top:8px}.elementor-widget-text-editor:not(.elementor-drop-cap-view-default) .elementor-drop-cap-letter{width:1em;height:1em}.elementor-widget-text-editor .elementor-drop-cap{float:left;text-align:center;line-height:1;font-size:50px}.elementor-widget-text-editor .elementor-drop-cap-letter{display:inline-block}</style>				<p>Précautions à prendre avant d’entrer dans l’établissement pénitentiaire</p><p> </p><p>Si vous avez été en contact avec une personne infectée par le coronavirus</p><p> </p><p>Si vous avez voyagé ou avez été en contact direct avec une personne ayant voyagé dans une des zones géographiques exposées au Coronavirus.</p>						</div>
				</div>
				<div class="elementor-element elementor-element-9dbc0dc elementor-widget elementor-widget-text-editor" data-id="9dbc0dc" data-element_type="widget" data-widget_type="text-editor.default">
				<div class="elementor-widget-container">
							<p>Vous êtes invité à différer votre visite au sein de l’établissement et d’informer du report de votre visite au </p><p>numéro suivant 0800 050 800</p>						</div>
				</div>
				<div class="elementor-element elementor-element-31aee98 elementor-widget elementor-widget-text-editor" data-id="31aee98" data-element_type="widget" data-widget_type="text-editor.default">
				<div class="elementor-widget-container">
							<p><b>Rappel des consignes d&rsquo;usage</b></p>						</div>
				</div>
				<div class="elementor-element elementor-element-2527c5d elementor-widget elementor-widget-image" data-id="2527c5d" data-element_type="widget" data-widget_type="image.default">
				<div class="elementor-widget-container">
			<style>/*! elementor - v3.18.0 - 20-12-2023 */
.elementor-widget-image{text-align:center}.elementor-widget-image a{display:inline-block}.elementor-widget-image a img[src$=".svg"]{width:48px}.elementor-widget-image img{vertical-align:middle;display:inline-block}</style>												<img fetchpriority="high" decoding="async" width="800" height="368" src="https://accueildesfamillessanmarco.fr/wp-content/uploads/2022/02/banner-coronavirus-2000x740-03-20-pp_-_copie-1024x471.png" class="attachment-large size-large wp-image-144" alt="Consignes coronavirus" srcset="https://accueildesfamillessanmarco.fr/wp-content/uploads/2022/02/banner-coronavirus-2000x740-03-20-pp_-_copie-1024x471.png 1024w, https://accueildesfamillessanmarco.fr/wp-content/uploads/2022/02/banner-coronavirus-2000x740-03-20-pp_-_copie-300x138.png 300w, https://accueildesfamillessanmarco.fr/wp-content/uploads/2022/02/banner-coronavirus-2000x740-03-20-pp_-_copie-768x353.png 768w, https://accueildesfamillessanmarco.fr/wp-content/uploads/2022/02/banner-coronavirus-2000x740-03-20-pp_-_copie-1536x706.png 1536w, https://accueildesfamillessanmarco.fr/wp-content/uploads/2022/02/banner-coronavirus-2000x740-03-20-pp_-_copie.png 1609w" sizes="(max-width: 800px) 100vw, 800px" />															</div>
				</div>
					</div>
		</div>
							</div>
		</section>
							</div>

<p>Consignes Coronavirus Précautions à prendre avant d’entrer dans l’établissement pénitentiaire   Si vous avez été en contact avec une personne infectée par le coronavirus   Si vous avez voyagé ou avez été en contact direct avec une personne ayant voyagé dans une des zones géographiques exposées au Coronavirus. Vous êtes invité à différer votre visite [&hellip;]</p>
